 + 2*n - 2. Let p be i(2). Suppose -p*y = g - 12, -4*g = y - 4 - 16. What is the highest common factor of s and y?
2
Let u be 36/9 - (2 - 2). What is the highest common factor of u and 12?
4
Suppose -4*v - 3*r = -23, -2*v + 4*r = -3*v + 22. Suppose t - 3*q = -0*t + v, 5*t + q - 58 = 0. Calculate the greatest common divisor of t and 11.
11
Let u(z) = z**2 - 35*z - 259. Let y be u(42). Suppose -14 = -2*b - 0. What is the greatest common factor of b and y?
7
Let g be ((-10)/3)/((-6)/9). Let s be (6/12)/(3/24). Let j = g - s. What is the highest common divisor of j and 5?
1
Let f be 1/(2/10 - 0). Suppose -61 = -f*r + 74. What is the greatest common divisor of r and 3?
3
Let v(p) = 2*p**2 + 2*p. Let h be v(-2). Suppose -h*m = 15 - 23. Calculate the greatest common divisor of m and 8.
2
Suppose 2*c = -4, -2*g + 4*c = 3*g - 33. What is the highest common divisor of 50 and g?
5
Let m(o) = 2*o**2 + 4. Let k be m(-3). Let l be 1*(k + -2 + -2). Suppose 13*v - 19 = 7. Calculate the highest common divisor of l and v.
2
Let m be ((-2)/1)/(12/(-102)). Calculate the highest common divisor of m and 119.
17
Let d = 15 + -13. Let b be (-2 - (-2 + 1)) + 2. What is the highest common divisor of b and d?
1
Suppose 4*n - n = 0. Suppose n*m = -m + 4. Suppose 4*y - 134 + 53 = -5*j, 3*j + m*y - 55 = 0. What is the highest common divisor of j and 78?
13
Let g(q) = -2*q + 1. Let t be g(-2). Calculate the highest common divisor of t and 20.
5
Suppose 2*q - 3*y = -3, -2*q - 3*q - 4*y = -4. Let l = q + 4. Let c = -36 + 40. Calculate the highest common factor of l and c.
4
Suppose 3*u - 2*t = -2*u - 1, 3*t = 3*u + 6. Let v = -4 + 10. Let y be (22/v)/(13/39). What is the highest common divisor of u and y?
1
Suppose 2*w + 0*w - 53 = -5*s, -3 = 3*s. What is the greatest common factor of 29 and w?
29
Let p(c) = c**3 + 2*c**2 - 4*c. Let k be p(-3). Suppose -3*a + 6*b + 242 = 4*b, 0 = 2*a - k*b - 153. Calculate the greatest common divisor of 12 and a.
12
Suppose 0 = -3*c + 4*c - 2. Suppose 4 + 24 = 4*m + c*l, 2*m - 14 = 5*l. Calculate the highest common divisor of 63 and m.
7
Suppose 80 + 30 = 11*u. What is the greatest common factor of 2 and u?
2
Let h = -49 - -51. Calculate the greatest common divisor of h and 10.
2
Let c = 8 - 7. Calculate the greatest common divisor of c and 4.
1
Suppose 6*c - 2*c = 3*q - 91, 5*q = -15. Let h = c - -49. Suppose 0*m = -2*m + 32. What is the greatest common divisor of m and h?
8
Let c = 4 + -2. Suppose -3*a + 2*t = -a - 18, -c*a - 2*t + 22 = 0. Let f = 18 - -2. Calculate the greatest common divisor of a and f.
10
Let z = -6 + 17. Calculate the highest common divisor of 11 and z.
11
Suppose 4*l = l + 48. What is the highest common divisor of 176 and l?
16
Suppose -j = -31 + 12. Suppose n = 2*n - 95. Calculate the greatest common divisor of n and j.
19
Let j be (1 - -4)*5/5. Suppose 5*t + 2 = j*b - 3, 4*b + t - 4 = 0. Calculate the highest common divisor of b and 11.
1
Let m = 23 + -49. Let c = m + 43. What is the highest common factor of 187 and c?
17
Let h = 259 + -127. Let q be (h/9)/(1/3). Suppose 0 = m + m - 22. Calculate the greatest common factor of q and m.
11
Let u be (50/20)/((-2)/(-4)). Suppose -k - 4*k = -2*s - 290, u*k - 325 = -5*s. Calculate the highest common divisor of 15 and k.
15
Let n = 12 - -6. What is the greatest common divisor of n and 27?
9
Let w = -72 - -84. What is the greatest common factor of 20 and w?
4
Let j(g) = -g**3 + 5*g**2 - g + 4. Let b be j(5). Let x be 4/3*(5 - b). Let o(c) = 6*c**2 - c - 2. Let p be o(-2). What is the highest common factor of x and p?
8
Suppose 3*d = p - 18, -d = 5*p + 4*d - 90. Calculate the greatest common factor of 27 and p.
9
Let g = 2 + 1. Suppose -2*s = -s - g. Suppose -120 = -s*d + 2*n, 4*d - n - 160 = 2*n. What is the greatest common factor of d and 5?
5
Let o = -47 - -53. What is the greatest common divisor of o and 15?
3
Let g be (20/(-6))/(6/1656). Let c = g - -1413. Let t = -322 + c. What is the greatest common factor of 19 and t?
19
Suppose -1 = -9*v + 4*v - n, 0 = -4*n - 16. Suppose -2*s + 22 = i, -s + 2*s - 2*i - 11 = 0. What is the highest common factor of v and s?
1
Suppose 5*w = 15, 4*w - 3 = 3*g - 0*w. Let r(i) = i**2 + 2*i. Let y be r(g). Calculate the greatest common factor of y and 60.
15
Let o(p) = p**2 - 2. Let k be o(-7). Suppose -3*l - 4*f + k = 0, -5 = -2*f + f. What is the greatest common factor of 27 and l?
9
Let g(j) = j**2 + j - 6. Let z be g(6). What is the greatest common divisor of z and 18?
18
Suppose 42 = 2*v - 28. What is the greatest common factor of 315 and v?
35
Let q(a) be the third derivative of 0 - 1/3*a**3 + 0*a - 1/60*a**5 - a**2 - 5/24*a**4. Let s be q(-4). Calculate the highest common factor of s and 10.
2
Suppose 117 = -4*g + 3*x + 391, x - 142 = -2*g. Calculate the highest common factor of 28 and g.
14
Let v(t) = t**3 + 11*t**2 + 18*t + 12. Let b be v(-9). What is the highest common factor of 9 and b?
3
Suppose 4*y - s = 2*s + 49, -2*y = -4*s - 22. What is the greatest common factor of y and 104?
13
Let u be 2/(-8) - (-52)/16. Suppose -3*h + 160 = x, -h = 2*x - u*h - 320. Suppose 17 = 5*t - 63. What is the highest common divisor of t and x?
16
Let j be 92/6*(-6)/(-1). Let r = 25 + -7. Suppose a + 3*p - 25 = 0, 2*p - r = 5*a - j. What is the greatest common factor of a and 24?
8
Let g(c) = c**3 + 8*c**2 - 9*c + 3. Suppose 5*z = -18 - 27. Let o be g(z). Suppose -h - 54 = -o*h. Calculate the highest common divisor of h and 18.
9
Suppose 5*f - 25 = 0, 3*l - 5*f = -0*l + 74. Calculate the greatest common factor of l and 3.
3
Let v = 105 - -63. Calculate the greatest common divisor of 24 and v.
24
Let w = -56 + 66. Calculate the highest common factor of w and 10.
10
Let o = -28 - -42. Let q = 74 - 46. Calculate the highest common factor of o and q.
14
Suppose i + 72 + 121 = 2*n, -3*n - i + 302 = 0. Calculate the highest common divisor of n and 11.
11
Suppose -f = -u + 2 - 3, 4*f + 4*u + 28 = 0. Let b be (-1 - f)/((-4)/(-10)). What is the greatest common divisor of b and 20?
5
Let w be (-2 - -4)*(11 - 0). Let b(s) = -s**3 - 3*s**2 - s - 1. Let z be b(-3). What is the highest common divisor of z and w?
2
Suppose 24 = 4*p - 36. Calculate the highest common divisor of 60 and p.
15
Let l = 15 + -26. Let j = -4 - l. Let r(n) = -6*n + 1. Let x be r(-1). Calculate the highest common divisor of j and x.
7
Let d(y) = -y**2 - 5*y + 2. Let o be d(-5). Let x be -1 + 7 - (o + 1). Calculate the greatest common divisor of 9 and x.
3
Let n(d) = -d**3 - 3*d**2 + 2. Let c be n(-2). Let q = c + 46. Suppose -2*v = -6*v + 4*h + q, -2*v + h = -21. Calculate the highest common divisor of 90 and v.
10
Let o = 2 - 2. Let h be (o*3/6)/1. Suppose h = -3*y + 2*d + 113, 5*y - 3*d - 221 = -32. Calculate the highest common divisor of y and 13.
13
Let y be (6/4)/(9/96). Suppose -3*g + 1 = -5, -x = 4*g - 5. Let v be (46 - 4) + 1 + x. What is the highest common factor of y and v?
8
Suppose 0 = -2*l + l + 15. What is the highest common factor of l and 165?
15
Let c(w) = -w**3 + 7*w**2 + 2*w + 8. Let g be c(6). Calculate the highest common divisor of g and 14.
14
Let u(x) = -x**2 - 54*x - 30. Let s be u(-53). Let o be 550/8 + 2/8. What is the highest common divisor of s and o?
23
Let m be ((-14)/4)/(2/(-4)). Suppose 0 = -2*c + c. Suppose -x + 0 + m = c. What is the greatest common factor of 7 and x?
7
Suppose -o + 5*o - 4 = 0, -2*j - 3*o = 19. Let a = j + 29. What is the greatest common factor of a and 54?
18
Suppose 26 = -5*p + 476. Suppose -m - 3 = -2*q, m - q = -3*q - 7. Let n be 20/(-2)*(m + 4). What is the highest common divisor of n and p?
10
Let z(b) = -b**3 - b**3 + 8*b**2 - 7*b + b**3. Let r be z(7). Suppose -4*q - 3*l = 1 - 9, -l = r. What is the highest common divisor of 2 and q?
2
Let q be -4*(-54)/24 - 0. Calculate the highest common factor of 9 and q.
9
Let p(m) = 221*m**2 - m - 2. Let v be p(-1). Calculate the highest common divisor of v and 20.
20
Suppose -10 = -4*v - 3*x, 0 = -2*x - 0*x - 4. Let c(u) = -7*u + 1. Let l be c(-5). What is the greatest common divisor of v and l?
4
Let n(h) = -h**3 - 6*h**2 - 5*h - 5. Let b be n(-6). Let s = 9 + 1. Calculate the greatest common divisor of b and s.
5
Let t be -9*(-1 - (2 - 2)). Suppose 5*c + 50 = -m, -2*m + 2*c = -4*m - 